(v)?
9
Suppose -8*t + 5665 + 2167 = 0. Suppose 3*h = 56 + t. What is the hundreds digit of h?
3
Let o(v) = 34*v**3 - 6*v**2 - 27*v + 160. What is the hundreds digit of o(6)?
1
Let t(u) = 41*u**3 + 21*u**2 - 41*u + 30. What is the hundreds digit of t(6)?
3
Let s(n) = 2*n**2 + 2*n - 4. Let d(z) = -z**3 - 8*z**2 + 3*z - 5. Let h be d(-4). Let i be (3 + h/15)*(-10)/4. What is the tens digit of s(i)?
8
Suppose -14069 - 22761 = -58*i. What is the hundreds digit of i?
6
Let o(h) = -30*h - 58. Let n be o(5). What is the units digit of n/(-28) + -8 - (-3784)/7?
0
Let n be -4*4/(12/(-3)). Suppose -8732 = -7*g + n. What is the tens digit of ((-8)/6)/((-4)/(g/4))?
0
What is the tens digit of ((-4)/(-2) - 5872)*5*8/(-80)?
3
Let j be (3/2)/(4/24). Suppose -2*x - 32 = -4*v, -3*x = 3 + j. Suppose v*p = -5*l + p + 660, -2 = -p. What is the units digit of l?
0
Suppose 365*q = -76*q + 12489120. What is the thousands digit of q?
8
Suppose -3*v - 2820*b = -2816*b - 168702, 5*v - 4*b = 281170. What is the units digit of v?
4
Let d(i) = -718*i**3 - 15*i**2 - 4*i - 4. What is the thousands digit of d(-3)?
9
Suppose -12 = 3*x - 18. Let j be -2 + 6 + (x - 7). Let d(k) = -55*k - 3. What is the tens digit of d(j)?
5
Suppose -78 = -k + 3*k. Let s = 64 + k. Let c = 36 - s. What is the units digit of c?
1
Suppose 32*v - 1248524 - 661400 = 11932. What is the thousands digit of v?
0
What is the units digit of 247*(13275/(-18))/(-25) + 3/2?
8
Suppose -3*y - 2*y + 3*d + 12159 = 0, y - 2442 = 4*d. Suppose 5*c - y - 165 = 5*x, x = 4*c - 2076. What is the hundreds digit of c?
5
Suppose 0 = 4*b - 8, 3*r + 5*b - 1732 = -648. What is the hundreds digit of r?
3
Let t(m) = 659*m**3 - m**2 + 2*m. What is the hundreds digit of t(1)?
6
Let k be (-2)/(-2*(-2)/(-2140)). Let y = -1628 + k. What is the hundreds digit of 8/20 - (y/5 + 0)?
1
Suppose 0 = 3*i + 5*j - 14, -2*i - 3*j - 3 = -12. Suppose v = -5*q + 7, 13 = 2*q + i*v - 6*v. Suppose -4 = -2*t - q. What is the units digit of t?
1
Let j(l) = l**3 - 9*l**2 + 10*l - 10. Suppose 3*s - 3*o = o - 65, 0 = -4*s + 5*o - 87. Let b be (-4)/(s/(-5) + -5). What is the units digit of j(b)?
0
Suppose 8*k = 4*k, 5*z + 2*k + 10 = 0. What is the hundreds digit of (-3)/(-6)*z - 1 - -571?
5
Let s(u) = -4*u**3 + u**2 - 6*u + 1. Let v(c) = -3*c**3 - 7*c. Let w(n) = 2*s(n) - 3*v(n). Let f be w(-2). What is the tens digit of 547/4 - (-12)/f?
3
Let l = 33792 + -20222. What is the thousands digit of l?
3
Let f be 120/36 + (24/(-9))/(-4). Suppose 2*t - 3*k - 634 = t, -f*t = -k - 2558. What is the tens digit of t?
4
Let r(l) = l**3 + 3*l**2 - 2*l - 8. Let u = -20 - -26. What is the tens digit of r(u)?
0
Suppose -k + 19322 = 5*z, -9*z = 3*k - 6*z - 57978. What is the tens digit of k?
2
Let m(d) be the second derivative of -d**5/20 - d**4 + 2*d**3/3 + 6*d**2 + 2*d - 9. What is the hundreds digit of m(-14)?
3
Let w(y) = 16432*y + 278. What is the ten thousands digit of w(4)?
6
Let v = 93 + -494. Let a = v + 1385. What is the tens digit of a?
8
Suppose 21 = 5*j - 939. Suppose 4*c - 3*p = 3*c + j, -5*c + 5*p = -970. Suppose 0 = -q - 4*x + 99, 2*q - 5*x - 29 - c = 0. What is the tens digit of q?
0
Let y be (-77)/(-14) - 3/6. Suppose h + 6641 = 4*v + 4*h, 0 = -h - y. What is the units digit of v?
4
Let w(u) = 1479*u**3 + 3*u - 3. Let a be -8 + (-4)/8*-18. What is the units digit of w(a)?
9
Let d(q) = -17*q**3 - 5*q**2 + 36*q - 95. What is the ten thousands digit of d(-9)?
1
Let h(x) = x**2 - 8*x - 14. Let y be h(10). What is the units digit of 3*y/(-90)*(-2605)/1?
1
Let k(u) = 11*u - 2*u**2 + 304 + 51 + u**2 + 10. What is the tens digit of k(0)?
6
Let h(x) = -2*x - 14. Let c be h(-9). Let w be (-1 - -9)*2/c. Suppose -3*n - 15 = 0, -6*d - n + 119 = -w*d. What is the units digit of d?
2
Let g be 2/(-5) - (-66)/15. What is the tens digit of -1116*((-7)/g + 0)?
5
Let q = -10 + 34. Let l be (-4)/26 + q/156. What is the units digit of l - 13*(0 + 4)*-2?
4
Suppose -56*h = -58*h + 10. Suppose 0 = h*x + 5*v - 1905, -2*v + 6*v + 381 = x. What is the tens digit of x?
8
Let o(f) be the second derivative of -11/12*f**4 - 21*f - 35/6*f**3 + 7/2*f**2 + 1/20*f**5 + 0. What is the units digit of o(14)?
5
Let x = 39009 - 24912. What is the thousands digit of x?
4
What is the ten thousands digit of ((16/(-10))/(-8) + 43560/(-50))*-27?
2
Let a = 66 + -64. Suppose -a*p = -3*p. Suppose p = -0*v - 3*v + 537. What is the units digit of v?
9
Let c be (-13)/((-182)/(-24))*-14. Let s = 26 - c. Suppose 0 = -h - 3, m + 7*h + 11 = s*h. What is the units digit of m?
4
Suppose -61*z + 551752 = -511234. What is the hundreds digit of z?
4
Suppose 0*r + 2*x - 16582 = -2*r, 4*r - 2*x = 33158. What is the units digit of r?
0
Suppose 929*m - 923*m = 1458. What is the tens digit of m?
4
Suppose -10*d = -89 - 341. Suppose -2*g - 23 = -5*m + 8, -15 = 5*g. Suppose -m*r = 4*f - d - 670, -3*f = -6. What is the units digit of r?
1
Let j = -29 + 33. Suppose -5*u + j*b = 9*b, -b - 9 = 4*u. What is the tens digit of ((-55)/(-2))/(u/(-12))?
1
Suppose -4*n = 4*c - 0*c - 1108, 4*n + 859 = 3*c. Let p = -157 + c. What is the hundreds digit of p?
1
Suppose -5*l + p = -11, 0 = -3*l - 5*p + 2*p + 3. Suppose a - a = -l*a. Suppose -2*u + 279 + 295 = a. What is the tens digit of u?
8
Let u(q) = 12*q - 5. Let l be u(4). Let j = 506 + -497. Let t = l - j. What is the tens digit of t?
3
Suppose -23*y - 31617 = -30805 - 136328. What is the thousands digit of y?
5
Let p = -9023 + 17261. What is the units digit of p?
8
Let r = 3551 - 2456. Suppose 4*f + 124 = y - 241, r = 3*y - 2*f. What is the hundreds digit of y?
3
Suppose 6*x + 410976 = 30*x. What is the tens digit of x?
2
What is the units digit of (52/8 - 6)*2/(-1) - -2743?
2
Suppose -v = -3*v + 2*g - 94, -4*g = 8. Let w be (1*(1 + 2))/(7/v). Let a = w - -62. What is the tens digit of a?
4
Let c = -22022 - -35521. What is the tens digit of c?
9
Suppose -382*q + 377*q = 3*b - 247234, 4*q = 5*b + 197765. What is the tens digit of q?
4
Let b(a) = 613*a**3 + a**2 + 3*a - 2. Suppose 4*q - 8*q + 3*s = -10, 5*q + 1 = -3*s. Let v be b(q). Suppose -42 - v = -9*k. What is the units digit of k?
3
Let a = 7511 - 4527. What is the hundreds digit of a?
9
Suppose 2*p = -7*a + 195480, -4*a - 176*p + 111726 = -171*p. What is the units digit of a?
4
Let p(s) = 78*s**2 + 156*s + 38. What is the hundreds digit of p(-7)?
7
Let h be (4 - 14/3)/(1/(-9)). Let x be (-16)/(-3)*h - -4. Suppose 3*v = 2*w - x, 2*w - 40 = 3*v - 2*v. What is the units digit of w?
1
Suppose 0 = -5*l + 3*d + 40704 + 213466, -2*l + 101724 = 10*d. What is the units digit of l?
7
Suppose 0 = -4*n + 2*m + 4394, -6*n + n + 5492 = -2*m. Suppose 5*j + n = 7*j. Suppose j = -10*i + 13*i. What is the tens digit of i?
8
Let h = 148042 - 78781. What is the hundreds digit of h?
2
Suppose -4*m - 4*n = -457 + 1913, 4*m + 5*n + 1455 = 0. Let d = 523 + m. What is the hundreds digit of d?
1
Let h be (0/(-2))/5 + (2 - 2). Suppose h = -4*w + 2*w + 974. What is the hundreds digit of w?
4
Let m = 22679 + 9955. What is the ten thousands digit of m?
3
Let f(u) = -u**2 - u. Let b be f(0). Suppose 20*m - 7*m - 6331 = b. What is the hundreds digit of m?
4
Suppose -26 = -7*m + 100. Suppose 5*x + 4*v = -2, 0 = -4*x + 2*x - 5*v + 6. What is the units digit of 0/(m/6) + 151 + x?
9
Let a(l) = -l**3 + 6*l**2 + 16. Let w be a(6). Let g be (w/(-9) - -2) + 332/(-36). Let n = g - -169. What is the units digit of n?
0
Suppose 32*b - 108253 - 203575 = 114444. What is the thousands digit of b?
3
Let v be ((-3)/(-2))/(24/32). Suppose 3*o + 10 = -v. Let n = o + 16. What is the units digit of n?
2
Suppose 2*v + 5068 = -4*a, 16*v = 11*v. What is the thousands digit of 5 + 2 + -6 - a - 0?
1
Let d be 2/((-2)/(-3)) + 1. Suppose 6*i + 22 = 7*i + 5*y, 20 = 2*i + d*y. Suppose i*u - 23 = 3*x + 131, -2*u + 154 = -5*x. What is the tens digit of u?
7
Let h be (-40)/(0 - -4) - 0. Let v(o) = o**3 - o**2 + 3*o - 4. Let t be v(3). Let c = t - h. What is the tens digit of c?
3
Let z be 8 - (0 - (2 + 3/(-3))). Let y be 14/3*(-4)/((-12)/z). Let a(k) = k**2 - 5*k + 3. What is the units digit of a(y)?
9
Suppose 6*b - 41755 = -2*l + 7*b, -4*b = -2*l + 41740. What is the hundreds digit of l?
8
Suppose -19*h + 40 = -15*h. Suppose -3*z - 1848 = -h*z. What is the tens digit of z?
6
Let v(j)